{"id":82,"date":"2025-04-06T14:03:26","date_gmt":"2025-04-06T14:03:26","guid":{"rendered":"https:\/\/manuferrum.de\/?page_id=82"},"modified":"2025-04-06T14:06:02","modified_gmt":"2025-04-06T14:06:02","slug":"schalen","status":"publish","type":"page","link":"https:\/\/manuferrum.de\/?page_id=82","title":{"rendered":"Schalen"},"content":{"rendered":"\t\t<div data-elementor-type=\"wp-page\" data-elementor-id=\"82\" class=\"elementor elementor-82\" data-elementor-post-type=\"page\">\n\t\t\t\t<div class=\"elementor-element elementor-element-093908c e-flex e-con-boxed e-con e-parent\" data-id=\"093908c\" data-element_type=\"container\" data-e-type=\"container\">\n\t\t\t\t\t<div class=\"e-con-inner\">\n\t\t<div class=\"elementor-element elementor-element-d6601af e-con-full e-flex e-con e-child\" data-id=\"d6601af\" data-element_type=\"container\" data-e-type=\"container\">\n\t\t\t\t<div class=\"elementor-element elementor-element-96fc7d3 elementor-widget elementor-widget-image\" data-id=\"96fc7d3\" data-element_type=\"widget\" data-e-type=\"widget\" data-widget_type=\"image.default\">\n\t\t\t\t<div class=\"elementor-widget-container\">\n\t\t\t\t\t\t\t\t\t\t\t\t\t\t\t<img fetchpriority=\"high\" decoding=\"async\" width=\"960\" height=\"960\" src=\"https:\/\/manuferrum.de\/wp-content\/uploads\/2025\/04\/Quadratische-XXL-Schale_rost-1024x1024.png\" class=\"attachment-large size-large wp-image-84\" alt=\"\" srcset=\"https:\/\/manuferrum.de\/wp-content\/uploads\/2025\/04\/Quadratische-XXL-Schale_rost-1024x1024.png 1024w, https:\/\/manuferrum.de\/wp-content\/uploads\/2025\/04\/Quadratische-XXL-Schale_rost-300x300.png 300w, https:\/\/manuferrum.de\/wp-content\/uploads\/2025\/04\/Quadratische-XXL-Schale_rost-150x150.png 150w, https:\/\/manuferrum.de\/wp-content\/uploads\/2025\/04\/Quadratische-XXL-Schale_rost-768x768.png 768w, https:\/\/manuferrum.de\/wp-content\/uploads\/2025\/04\/Quadratische-XXL-Schale_rost-1140x1140.png 1140w, https:\/\/manuferrum.de\/wp-content\/uploads\/2025\/04\/Quadratische-XXL-Schale_rost-75x75.png 75w, https:\/\/manuferrum.de\/wp-content\/uploads\/2025\/04\/Quadratische-XXL-Schale_rost.png 1500w\" sizes=\"(max-width: 960px) 100vw, 960px\" \/>\t\t\t\t\t\t\t\t\t\t\t\t\t\t\t<\/div>\n\t\t\t\t<\/div>\n\t\t\t\t<\/div>\n\t\t<div class=\"elementor-element elementor-element-1879113 e-con-full e-flex e-con e-child\" data-id=\"1879113\" data-element_type=\"container\" data-e-type=\"container\">\n\t\t<div class=\"elementor-element elementor-element-bf66fdb e-con-full e-flex e-con e-child\" data-id=\"bf66fdb\" data-element_type=\"container\" data-e-type=\"container\">\n\t\t\t\t<\/div>\n\t\t<div class=\"elementor-element elementor-element-0710042 e-con-full e-flex e-con e-child\" data-id=\"0710042\" data-element_type=\"container\" data-e-type=\"container\">\n\t\t\t\t<div class=\"elementor-element elementor-element-4b847f5 elementor-widget elementor-widget-text-editor\" data-id=\"4b847f5\" data-element_type=\"widget\" data-e-type=\"widget\" data-widget_type=\"text-editor.default\">\n\t\t\t\t<div class=\"elementor-widget-container\">\n\t\t\t\t\t\t\t\t\t<h2>DER GARTEN ERWACHT<\/h2><p>Unsere schicken Blumenschalen gibt es in wei\u00df, anthrazit und in Rostoptik. Bepflanzt mit sch\u00f6nen Blumen oder anderen Pflanzen h\u00fcbschen die Schalen die Terrasse oder den Balkon gekonnt auf und vertreiben die kalte Jahreszeit. F\u00fcr eine Veranda oder den Vorgarten eignen sich die Schalen hervorragend in Kombination mit unseren S\u00e4ulen oder Pyramiden.<\/p>\t\t\t\t\t\t\t\t<\/div>\n\t\t\t\t<\/div>\n\t\t\t\t<\/div>\n\t\t\t\t<\/div>\n\t\t\t\t\t<\/div>\n\t\t\t\t<\/div>\n\t\t\t\t<\/div>\n\t\t","protected":false},"excerpt":{"rendered":"<p>DER GARTEN ERWACHT Unsere schicken Blumenschalen gibt es in wei\u00df, anthrazit und in Rostoptik. Bepflanzt mit sch\u00f6nen Blumen oder anderen Pflanzen h\u00fcbschen die Schalen die Terrasse oder den Balkon gekonnt auf und vertreiben die kalte Jahreszeit. F\u00fcr eine Veranda oder den Vorgarten eignen sich die Schalen hervorragend in Kombination mit unseren S\u00e4ulen oder Pyramiden.<\/p>\n","protected":false},"author":1,"featured_media":0,"parent":0,"menu_order":0,"comment_status":"closed","ping_status":"closed","template":"","meta":{"footnotes":""},"class_list":["post-82","page","type-page","status-publish","hentry"],"_links":{"self":[{"href":"https:\/\/manuferrum.de\/index.php?rest_route=\/wp\/v2\/pages\/82","targetHints":{"allow":["GET"]}}],"collection":[{"href":"https:\/\/manuferrum.de\/index.php?rest_route=\/wp\/v2\/pages"}],"about":[{"href":"https:\/\/manuferrum.de\/index.php?rest_route=\/wp\/v2\/types\/page"}],"author":[{"embeddable":true,"href":"https:\/\/manuferrum.de\/index.php?rest_route=\/wp\/v2\/users\/1"}],"replies":[{"embeddable":true,"href":"https:\/\/manuferrum.de\/index.php?rest_route=%2Fwp%2Fv2%2Fcomments&post=82"}],"version-history":[{"count":4,"href":"https:\/\/manuferrum.de\/index.php?rest_route=\/wp\/v2\/pages\/82\/revisions"}],"predecessor-version":[{"id":87,"href":"https:\/\/manuferrum.de\/index.php?rest_route=\/wp\/v2\/pages\/82\/revisions\/87"}],"wp:attachment":[{"href":"https:\/\/manuferrum.de\/index.php?rest_route=%2Fwp%2Fv2%2Fmedia&parent=82"}],"curies":[{"name":"wp","href":"https:\/\/api.w.org\/{rel}","templated":true}]}}