{"id":97,"date":"2025-04-06T14:39:25","date_gmt":"2025-04-06T14:39:25","guid":{"rendered":"https:\/\/manuferrum.de\/?page_id=97"},"modified":"2025-04-06T14:48:48","modified_gmt":"2025-04-06T14:48:48","slug":"impressum","status":"publish","type":"page","link":"https:\/\/manuferrum.de\/?page_id=97","title":{"rendered":"Impressum"},"content":{"rendered":"\t\t<div data-elementor-type=\"wp-page\" data-elementor-id=\"97\" class=\"elementor elementor-97\" data-elementor-post-type=\"page\">\n\t\t\t\t<div class=\"elementor-element elementor-element-0360ac5 e-flex e-con-boxed e-con e-parent\" data-id=\"0360ac5\" data-element_type=\"container\" data-e-type=\"container\">\n\t\t\t\t\t<div class=\"e-con-inner\">\n\t\t\t\t<div class=\"elementor-element elementor-element-ba3285a elementor-widget elementor-widget-text-editor\" data-id=\"ba3285a\" data-element_type=\"widget\" data-e-type=\"widget\" data-widget_type=\"text-editor.default\">\n\t\t\t\t<div class=\"elementor-widget-container\">\n\t\t\t\t\t\t\t\t\t<div class=\"content--wrapper\"><div class=\"custom-page--content content block\"><div class=\"content--custom\"><h1 class=\"custom-page--tab-headline\">Impressum<\/h1><p><strong>Gesetzliche Anbieterkennung:<\/strong><br \/><br \/><strong>MANUFERRUM<\/strong><br \/><strong>Priesterkoppel 1<br \/>23730 Neustadt in Holstein<br \/>Deutschland<br \/>Inhaber: Frank Schumacher<\/strong><br \/><strong>Telefon: 0152 571 66 831<\/strong><br \/><strong>E-Mail: <\/strong><a href=\"mailto:info@manuferrum.com\" target=\"_blank\" rel=\"noopener\"><strong>info@manuferrum.com<\/strong><\/a><br \/><strong><br \/>Umsatzsteuer-Identifikationsnummer\u00a0DE323825969<\/strong><\/p><p><strong>Alternative Streitbeilegung:<\/strong><br \/>Die Europ\u00e4ische Kommission stellt eine Plattform f\u00fcr die au\u00dfergerichtliche Online-Streitbeilegung (OS-Plattform) bereit, aufrufbar unter <a href=\"https:\/\/ec.europa.eu\/odr\" target=\"_blank\" rel=\"nofollow noopener\">https:\/\/ec.europa.eu\/odr<\/a>.<br \/><br \/><strong>Wir sind seit\u00a0<\/strong><strong>09.01.2019\u00a0<\/strong><strong>Mitglied der Initiative &#8222;FairCommerce&#8220;.<\/strong><br \/>N\u00e4here Informationen hierzu finden Sie unter www.fair-commerce.de.<\/p><\/div><\/div><\/div>\t\t\t\t\t\t\t\t<\/div>\n\t\t\t\t<\/div>\n\t\t\t\t\t<\/div>\n\t\t\t\t<\/div>\n\t\t\t\t<\/div>\n\t\t","protected":false},"excerpt":{"rendered":"<p>Impressum Gesetzliche Anbieterkennung: MANUFERRUMPriesterkoppel 123730 Neustadt in HolsteinDeutschlandInhaber: Frank SchumacherTelefon: 0152 571 66 831E-Mail: info@manuferrum.comUmsatzsteuer-Identifikationsnummer\u00a0DE323825969 Alternative Streitbeilegung:Die Europ\u00e4ische Kommission stellt eine Plattform f\u00fcr die au\u00dfergerichtliche Online-Streitbeilegung (OS-Plattform) bereit, aufrufbar unter https:\/\/ec.europa.eu\/odr. Wir sind seit\u00a009.01.2019\u00a0Mitglied der Initiative &#8222;FairCommerce&#8220;.N\u00e4here Informationen hierzu finden Sie unter www.fair-commerce.de.<\/p>\n","protected":false},"author":1,"featured_media":0,"parent":0,"menu_order":0,"comment_status":"closed","ping_status":"closed","template":"","meta":{"footnotes":""},"class_list":["post-97","page","type-page","status-publish","hentry"],"_links":{"self":[{"href":"https:\/\/manuferrum.de\/index.php?rest_route=\/wp\/v2\/pages\/97","targetHints":{"allow":["GET"]}}],"collection":[{"href":"https:\/\/manuferrum.de\/index.php?rest_route=\/wp\/v2\/pages"}],"about":[{"href":"https:\/\/manuferrum.de\/index.php?rest_route=\/wp\/v2\/types\/page"}],"author":[{"embeddable":true,"href":"https:\/\/manuferrum.de\/index.php?rest_route=\/wp\/v2\/users\/1"}],"replies":[{"embeddable":true,"href":"https:\/\/manuferrum.de\/index.php?rest_route=%2Fwp%2Fv2%2Fcomments&post=97"}],"version-history":[{"count":4,"href":"https:\/\/manuferrum.de\/index.php?rest_route=\/wp\/v2\/pages\/97\/revisions"}],"predecessor-version":[{"id":102,"href":"https:\/\/manuferrum.de\/index.php?rest_route=\/wp\/v2\/pages\/97\/revisions\/102"}],"wp:attachment":[{"href":"https:\/\/manuferrum.de\/index.php?rest_route=%2Fwp%2Fv2%2Fmedia&parent=97"}],"curies":[{"name":"wp","href":"https:\/\/api.w.org\/{rel}","templated":true}]}}